l - 24. Let i be x(s). What is the greatest common factor of 20 and i?
4
Suppose -244*g + 192000 + 453380 = 0. What is the highest common factor of g and 230?
115
Suppose -3*d + j = -27, 0 = 5*d + 5*j - 3 - 2. Calculate the highest common factor of d and 41.
1
Suppose -2*z - 2*u = 325 - 1473, 0 = -5*z + 3*u + 2878. Let p be (((-363285)/(-108))/117)/(5/(-8)*-2). Calculate the greatest common factor of z and p.
23
Let a = -97 - -139. Suppose 4*w - 2*t - 100 = 0, 820*t = 5*w + 819*t - 140. Calculate the greatest common divisor of w and a.
6
Let t be (-24 + (0 - 4))/(1/(-2)) - -1. Calculate the highest common factor of 30609 and t.
57
Let c(n) = 3*n**3 - 39*n**2 - 4*n + 372. Let a be c(13). Calculate the greatest common divisor of 3780 and a.
20
Let o be 710/14 + 6/21. Let g = o + -141. Let l = -71 - g. What is the highest common divisor of l and 19?
19
Suppose 5*g - 214*m + 217*m - 371 = 0, 4*g - 289 = -5*m. What is the greatest common divisor of 8284 and g?
76
Suppose -4*p + 11808 = 2*h, 3*h - 25819 + 8043 = 2*p. Calculate the greatest common factor of h and 30.
10
Let i = 2383 + -2229. Calculate the highest common divisor of 1771 and i.
77
Suppose 12*d - 46 = 11*d - h, h = d - 54. What is the highest common factor of d and 975?
25
Suppose -5*c + 5*q = 0, 0 = 2*q - 6*q + 20. Let s be 112/c + 1*(-8)/20. Suppose 5*d + 1 - 11 = 0. Calculate the highest common divisor of s and d.
2
Let p be -3 + -19 - (-33 - -2). What is the greatest common divisor of 1797 and p?
3
Let k be (-10)/(-4)*4/(-6) + 20815/15. What is the highest common factor of 4410 and k?
126
Let g be (-2 + -4)*(-24)/4. Let q = -8 + 24. Let w be (15/(-10))/((-1)/q). What is the highest common divisor of w and g?
12
Let z(r) = 3*r**2 - 175*r - 96. Let d be z(61). What is the greatest common factor of 56 and d?
56
Let j be ((-6)/(-2) + 88)*(6 + 212/7). Calculate the highest common factor of 26 and j.
26
Let f be (98 - ((9 - 19) + 4)) + 17. Let i(o) = 2*o**2 + 5*o - 3. Let x be i(-5). What is the highest common divisor of f and x?
11
Let d be (-23 + -4)/(48/(-17824)). Suppose -26*w - 2330 = -d. Calculate the greatest common divisor of w and 111.
37
Suppose 0 = -32*l + 512 + 29888. What is the greatest common factor of l and 38?
38
Let c = -7 - -2. Let l be 6/4 - 20/8. Let p be (44/c)/(l - 6/(-10)). What is the greatest common factor of 198 and p?
22
Suppose 0 = 754*q - 748*q - 32760. Calculate the highest common factor of q and 20.
20
Let r = -1845 + 1869. Suppose -4*a - 3*p + 506 = 0, -3*a + 388 = -5*p + 3*p. Calculate the greatest common divisor of a and r.
8
Let y = -7 + 14. Suppose 0 = -y*b + 1 - 1. Suppose 5*i = b, 2*z + z - 4*i = 9. Calculate the highest common factor of 33 and z.
3
Suppose 2*n + 9 = 3*n. Suppose 36 = -18*i + 36*i. Suppose 2*s - 3 = 2*k + 1, i*k - 5 = -s. What is the highest common factor of n and k?
1
Let t(x) = 5*x**2 + 85*x + 2257. Let p be t(-33). What is the greatest common factor of 118 and p?
59
Let p = 2642 + -2197. What is the highest common divisor of 1691 and p?
89
Let p(y) = -y**3 - 4*y**2 + 51*y + 42. Let t be p(-12). What is the greatest common divisor of t and 3104?
194
Let k = 4485 + -4473. What is the greatest common divisor of 54 and k?
6
Suppose 0 = 11*h - 90 + 89 - 164. What is the highest common divisor of 2880 and h?
15
Let q(o) = 2*o**2 - 118*o + 19. Let b be q(59). Calculate the highest common divisor of 14326 and b.
19
Let n = -1307 - -2142. Suppose 77 - 1120 = -5*j + 3*q, -3*q - n = -4*j. Calculate the greatest common factor of 39 and j.
13
Let a(h) = -4*h + 41. Let v(r) = r**3 - 5*r**2 - 17*r + 3. Let z be v(7). Let o = z - -27. Let c be a(o). Calculate the highest common factor of 25 and c.
5
Let x = -1 - -21. Let l(b) = 2*b**2 - 18*b + 52. Let d be l(4). Let y(v) = -3*v + 44. Let j be y(d). Calculate the greatest common factor of j and x.
4
Suppose 25 = -5*m, -4*o + 5*m - 38 = 53. Let i = o + 35. Suppose -2*s = -8 - i. Calculate the highest common factor of s and 56.
7
Let m be (-12 + (-128)/(-10))/((-2)/(-150)). Suppose 22*n - m - 1480 = 0. What is the highest common factor of n and 70?
70
Let r be ((-6)/(-9))/((-15)/(-18)) + (-45275)/(-125). Calculate the greatest common divisor of r and 891.
33
Suppose 2*o - 7*o = -95. Suppose -4*a + 4*p = -1200, 231*p - 236*p = -a + 284. Calculate the greatest common factor of a and o.
19
Let d = 53 - 51. Let a be -2 - (-433 + 2/d) - 0. Suppose -f - 5*t + a = -0*f, -1266 = -3*f - 3*t. What is the highest common divisor of f and 42?
42
Suppose -2*x - k + 55 = 0, 132 - 2 = 4*x - 2*k. Suppose -1189 - 71 = -x*n. Suppose -f - 83 = -293. What is the greatest common factor of f and n?
42
Suppose -14*w = -53 - 171. Let c = 84 + 116. Calculate the highest common factor of w and c.
8
Let q(a) = 80*a + 832. Let j be q(-7). What is the greatest common factor of j and 32?
16
Suppose 67*c - 9241 - 3078 = 3694. What is the highest common divisor of 16969 and c?
239
Let x = -554 + 569. Let s be ((-176)/(-8))/(10/x). What is the greatest common divisor of s and 44?
11
Let b = 34 + -30. Let d = b - 0. Suppose -4*s + 5*n = -295, -d*s + 2*n = -0*n - 310. Calculate the highest common divisor of 10 and s.
10
Let h(s) = 16*s**2 + 208*s + 1031. Let t be h(-5). Calculate the highest common factor of t and 253.
23
Let m = -266 + 462. Suppose -958*j + 856*j + 408 = 0. Calculate the greatest common divisor of m and j.
4
Let q(m) = -74*m + 2393. Let p be q(32). Calculate the highest common divisor of 8750 and p.
25
Suppose 0 = f - 2. Let s(y) = -y**2 - 8*y + 30. Let z be s(-13). Let a be (z/(-14) + -4)*-2. What is the highest common divisor of f and a?
1
Suppose 395 = 4*a + 5*o, 6*a + 2*o = 5*a + 101. Suppose 45 = 4*t - a. Calculate the greatest common factor of 28 and t.
7
Let g = 706 - 714. Let x(r) be the second derivative of -r**5/20 - 7*r**4/12 + r**3/2 + 2*r. Let a be x(g). What is the greatest common divisor of a and 8?
8
Let h(j) = -2*j - 3. Let z be h(8). Let x = z + 61. Suppose 2*w = -w + x. What is the greatest common factor of 126 and w?
14
Suppose -38*p + 21193 + 22560 = -63255. What is the greatest common divisor of p and 44?
44
Suppose 5239 = 32*o - 7177. What is the highest common factor of 8 and o?
4
Let f = 432 + -377. Suppose -22 + f = b. What is the highest common factor of 957 and b?
33
Suppose -5*n = -y - 102, 3*y = -561 + 570. What is the greatest common divisor of 917 and n?
7
Suppose -4*s + 1483 = 5*h, -2 = 2*h - 0. Suppose 3*u + 3*t - 330 - 60 = 0, -3*u + s = -3*t. Let l = u + -116. Calculate the greatest common divisor of 33 and l.
11
Let x be (15/2)/((-1)/(-2)). Let r = x + 21. Suppose -38*h + 162*h = -673 + 6625. What is the highest common factor of r and h?
12
Let h = 19612 + 12325. What is the highest common divisor of h and 218?
109
Let c(b) = b**2 + 8*b + 21. Let t be c(-6). Let d(v) = v**2 - 14*v + 193. Let y be d(22). Calculate the highest common factor of t and y.
9
Let w be ((-2 - -99)*(-3)/2)/((-84)/3192). What is the highest common factor of 57 and w?
57
Let w = -63 + 102. Suppose w = -f + 2*f - p, -45 = -f + 3*p. Let y = f + -23. Calculate the highest common factor of 52 and y.
13
Suppose 52*k - 39*k = 156. Suppose 0*h + 2 = h. Suppose -b + 180 = h*b. Calculate the greatest common divisor of b and k.
12
Let i(a) = 14*a**2 - 667*a - 56. Let w be i(48). What is the highest common factor of 14 and w?
2
Suppose -4*u = 3*o - 63, 3*u - 16 = -15*o + 14*o. Calculate the greatest common divisor of o and 575.
25
Let l(g) = 2*g**2 + 22*g - 60. Let u be l(3). What is the greatest common factor of 3160 and u?
8
Suppose 0 = -7*h + 16*h + 9*h - 180. What is the highest common divisor of 15340 and h?
10
Let m(c) = -10*c + 1. Let z be m(-4). Let w = -8861 + 8943. What is the highest common factor of z and w?
41
Let a = -33 - -33. Suppose -32 = -2*y + 2*t, 2*y + t - 29 = -a*t. Suppose 14*l + 6 = y*l. Calculate the highest common factor of 48 and l.
6
Let s(d) = 231*d**2 + 154*d - 689. Let m be s(5). What is the highest common divisor of m and 132?
12
Suppose 1399*f = 4*s + 1395*f - 10580, 0 = -2*f + 6. What is the greatest common factor of 64 and s?
8
Suppose -5*b + u = -3783, u - 870 = 3*b - 3141. Suppose -b = -10*y + 714. What is the greatest common factor of y and 9?
3
Let x(n) = -n**2 + 223*n - 2915